er?
True
Is 11854567 a prime number?
True
Is 88232281 composite?
False
Is 313892693 a prime number?
False
Is 14655113 prime?
False
Is 155956531 composite?
True
Is 7347359 a prime number?
True
Is 307398667 a prime number?
False
Is 418157 composite?
False
Is 5300643 a composite number?
True
Is 19694173 a prime number?
True
Is 4570627 composite?
False
Is 4081849 prime?
True
Is 184894271 a prime number?
True
Is 26440171 prime?
True
Is 81501169 a prime number?
True
Is 615482045 a prime number?
False
Is 10597 a prime number?
True
Is 6614323 a composite number?
False
Is 26520211 a composite number?
False
Is 7031173 a prime number?
True
Is 19244083 composite?
False
Is 133004449 a prime number?
False
Is 11092097 composite?
True
Is 70692589 a composite number?
True
Is 50729141 a prime number?
False
Is 705072421 a prime number?
True
Is 4171942 composite?
True
Is 228847 a composite number?
False
Is 3362683 a composite number?
False
Is 1146883 a prime number?
False
Is 1966425391 a prime number?
False
Is 3266447 prime?
True
Is 4246773 a prime number?
False
Is 384915369 a prime number?
False
Is 136961 a composite number?
True
Is 183525941 prime?
True
Is 45111457 composite?
True
Is 360138431 composite?
False
Is 28746307 prime?
False
Is 13077671 composite?
False
Is 8955241 a composite number?
False
Is 242648353 composite?
False
Is 47176993 a prime number?
False
Is 56283961 a prime number?
False
Is 3476918 prime?
False
Is 3841843 a prime number?
True
Is 7199135 a composite number?
True
Is 473377 a composite number?
False
Is 5442833 prime?
False
Is 45738479 prime?
True
Is 3480746 a prime number?
False
Is 8908327 a prime number?
True
Is 1089793339 a composite number?
False
Is 3003563 composite?
True
Is 207068351 a composite number?
True
Is 2326585 a prime number?
False
Is 81427823 prime?
False
Is 51107503 a composite number?
False
Is 220264027 prime?
True
Is 84915301 prime?
True
Is 1090726271 prime?
True
Is 7182949 a prime number?
False
Is 1396163 a composite number?
True
Is 24326671 a composite number?
False
Is 371831 prime?
True
Is 2088739 composite?
True
Is 133305407 a prime number?
True
Is 107047627 prime?
True
Is 5014049 composite?
False
Is 41875181 a composite number?
False
Is 484527023 composite?
True
Is 5252687 a composite number?
True
Is 53751091 a composite number?
False
Is 66377147 a prime number?
False
Is 2284817 prime?
False
Is 84588541 a composite number?
True
Is 11863181 composite?
True
Is 14353213 a prime number?
False
Is 31627151 a composite number?
False
Is 48937753 a composite number?
False
Is 10724197 a prime number?
False
Is 5777047 a prime number?
True
Is 10323361 a prime number?
False
Is 647071157 a prime number?
True
Is 4311467 a prime number?
True
Is 40217549 composite?
False
Is 3159397 a composite number?
False
Is 15259691 composite?
False
Is 339457 a composite number?
True
Is 21601277 prime?
True
Is 80876729 a composite number?
False
Is 17640593 a composite number?
True
Is 4504667 prime?
False
Is 3643063 a prime number?
True
Is 18752621 prime?
False
Is 96195189 prime?
False
Is 4169071 prime?
False
Is 3134587 a prime number?
False
Is 255631 prime?
False
Is 10079387 a prime number?
True
Is 14071007 composite?
True
Is 71424673 prime?
False
Is 2469461 a prime number?
False
Is 432373 prime?
True
Is 9844811 a prime number?
True
Is 793742 prime?
False
Is 95653 a prime number?
False
Is 7859419 a composite number?
False
Is 2310673 prime?
False
Is 112741 composite?
False
Is 29514833 a composite number?
True
Is 2798549 prime?
False
Is 9388427 prime?
True
Is 155364593 composite?
False
Is 113596419 a composite number?
True
Is 30491977 a composite number?
True
Is 2598251 a composite number?
True
Is 2252273 a composite number?
False
Is 936001 prime?
False
Is 44288137 composite?
False
Is 170069 a prime number?
False
Is 169773 prime?
False
Is 36946223 a prime number?
True
Is 176350277 prime?
True
Is 218042611 composite?
True
Is 295162745 composite?
True
Is 40871177 prime?
True
Is 59830201 prime?
False
Is 102831955 a composite number?
True
Is 134514073 a prime number?
False
Is 68188943 a prime number?
True
Is 305011985 composite?
True
Is 92155477 a composite number?
False
Is 5627261 a composite number?
True
Is 376565641 a composite number?
True
Is 624311243 composite?
False
Is 6844883 a prime number?
False
Is 183092361 prime?
False
Is 2380789 a prime number?
False
Is 4694223 composite?
True
Is 1059553 a composite number?
True
Is 1464611 composite?
False
Is 15041597 a composite number?
True
Is 64362121 composite?
True
Is 5917451 composite?
False
Is 16021193 a prime number?
True
Is 19284197 a composite number?
False
Is 4959103 composite?
True
Is 11266063 composite?
False
Is 24944159 prime?
True
Is 479639903 composite?
True
Is 98116339 a prime number?
True
Is 724039063 a prime number?
False
Is 1085087 composite?
True
Is 50309146 a composite number?
True
Is 19889 composite?
False
Is 80039 prime?
True
Is 30574589 a prime number?
True
Is 23965499 composite?
True
Is 843807637 composite?
True
Is 265143379 a prime number?
False
Is 284059991 a composite number?
False
Is 22081118 prime?
False
Is 14899879 a composite number?
True
Is 86521859 prime?
True
Is 5369237 a composite number?
True
Is 1654613 a composite number?
True
Is 14919607 a composite number?
False
Is 7297753 prime?
True
Is 168631865 prime?
False
Is 1470533 a composite number?
True
Is 2505502 composite?
True
Is 195793 a prime number?
False
Is 10051178 composite?
True
Is 2602987 prime?
False
Is 1313277973 a prime number?
False
Is 101101519 a prime number?
True
Is 961205183 a composite number?
True
Is 4474693 composite?
False
Is 28022447 a prime number?
True
Is 12686399 composite?
True
Is 26021663 a composite number?
False
Is 7323931 prime?
True
Is 1487561 a composite number?
True
Is 3258433 composite?
True
Is 40518253 prime?
True
Is 539429318 a composite number?
True
Is 6719077 a prime number?
True
Is 1765817 composite?
False
Is 11918591 a prime number?
False
Is 9595319 prime?
False
Is 29537623 a composite number?
True
Is 18327047 composite?
False
Is 22272473 a prime number?
True
Is 15885467 prime?
False
Is 57668713 composite?
False
Is 847183 composite?
True
Is 257879849 a prime number?
True
Is 135773303 a composite number?
False
Is 264976931 a prime number?
False
Is 23316257 a composite number?
False
Is 5898119 a prime number?
False
Is 1259371 composite?
False
Is 62749177 composite?
True
Is 3989593 prime?
True
Is 116720171 a composite number?
False
Is 164293223 a prime number?
True
Is 314491 a composite number?
False
Is 5094533 prime?
True
Is 29101481 composite?
False
Is 81093517 a prime number?
False
Is 99317913 a prime number?
False
Is 2613601 a composite number?
False
Is 948359 prime?
False
Is 1759427 prime?
True
Is 1898437 composite?
True
Is 15204781 composite?
False
Is 24753431 composite?
True
Is 6121783 a composite number?
True
Is 18498241 prime?
True
Is 794779 composite?
False
Is 212738923 composite?
False
Is 143513867 prime?
False
Is 427857 prime?
False
Is 9699667 prime?
True
Is 394403 a prime number?
False
Is 1822367 composite?
False
Is 162837557 composite?
False
Is 3079579 a prime number?
True
Is 26367919 composite?
False
Is 6928457 composite?
False
Is 199151 composite?
False
Is 18112001 a prime number?
True
Is 31895569 a prime number?
True
Is 291536567 prime?
False
Is 8925229 a prime number?
False
Is 21357507 prime?
False
Is 19010591 prime?
True
Is 11040079 prime?
False
Is 3184273 a prime number?
True
Is 259132067 composite?
False
Is 1958813 a prime number?
True
Is 25369261 a prime number?
False
Is 22350109 a composite number?
True
Is 7906541 composite?
False
Is 4533769 prime?
True
Is 478779463 composite?
False
Is 30146837 prime?
False
Is 20348707 composite?
False
Is 3625003 prime?
True
Is 276231023 prime?
True
Is 6467221 a composite number?
True
Is 966901 prime?
False
Is 2306107 composite?
False
Is 105907541 composite?
True
Is 92501737 composite?
True
Is 2909365 a composite number?
True
Is 2961037 composite?
False
Is 78497219 composite?
False
Is 5485057 prime?
True
Is 4689403 a composite number?
False
Is 688397 composite?
False
Is 212978569 a composite number?
False
Is 135205399 a prime number?
False
Is 67090921 prime?
True
Is 89070791 prime?
True
Is 4434413 a composite number?
True
Is 